60 - h**4/24 + h**3/6 - 3*h. Let b(f) be the second derivative of x(f). What are the prime factors of b(3)?
2
What are the prime factors of 6/(12/526) - -5?
2, 67
Let j be (-3)/(-9) + 40/6. Suppose j*d - 2*d - 95 = 0. What are the prime factors of d?
19
Suppose 2*j - b - 71 = 0, -j - 4*j - 4*b + 145 = 0. List the prime factors of j.
3, 11
Let c(o) = -o**2 - 13*o - 18. Let j(t) = -t**3 + 2*t**2 + 6*t - 4. Let v be j(4). Let p be c(v). Let u = -3 - p. What are the prime factors of u?
3
Let n(t) = -6*t + 1 - 7 + 2 + 2*t**2. What are the prime factors of n(5)?
2
Suppose -3*j = -4*l - 90, -l - 2*j + 20 = -2*l. Let f = 20 - l. What are the prime factors of f?
2, 11
Suppose -g - 4*f = 33, -5*g - 30 = 3*f + 135. Let a = g - -54. What are the prime factors of (-2)/(-7) - (-267)/a?
13
Let f be 42 + 0/(2/1). Let m = -22 + f. Suppose l - m = -4*r, -18 + 71 = 3*l + 5*r. What are the prime factors of l?
2
Suppose -2*u - 2*a + 16 = 2*a, 11 = u + 3*a. Let v(l) = 0*l**3 - l - 3*l**2 + 4*l**2 + l**3. What are the prime factors of v(u)?
2, 5
Suppose -2*u = -0*u - 10. List the prime factors of u.
5
Let i(k) = k**3 + 4*k**2 - 5*k + 6. Let o be i(-5). Suppose 0 = o*d - 2*d + 8, l = d + 14. Suppose q - 3*q = -l. What are the prime factors of q?
2, 3
Let f(z) = z + 1. Suppose 0*n = 3*n. Let c be (-1 - n)/(1/(-7)). What are the prime factors of f(c)?
2
Let q(m) = -m**2 + 7*m + 10. Let t be q(8). Suppose 3*n - 65 = -4*a + 4, -3*a = -t*n + 63. What are the prime factors of n?
3
Let w be ((-10)/(-4))/(1/2). Suppose 0 = -w*m + m. Suppose 5*d + 5*u + 15 = 5, m = -4*d + 3*u + 20. What are the prime factors of d?
2
Suppose 0 = -3*u - 4*q + 1, 6*u - q = 3*u + 26. Let i be -55*((-1)/(-3) + 48/(-36)). Suppose i - u = 4*c. What are the prime factors of c?
2, 3
Suppose 0 = p - 47 + 13. List the prime factors of p.
2, 17
Suppose 5 = -2*v + 7*v. Let o = 1 + v. Suppose o*j + 30 = 5*j. What are the prime factors of j?
2, 5
Let i = 8 + -16. Let d(w) = -w**3 - 6*w**2 + 9*w - 10. List the prime factors of d(i).
2, 23
Let l be 4 + 6/3 - 3. Suppose 5*y + 5*n = -0*n + 80, l*n + 71 = 4*y. What are the prime factors of y?
17
Let u = 11 - -102. What are the prime factors of u?
113
What are the prime factors of (-141)/(-9) + 1/(3 + 0)?
2
Let f(k) = -k**3 + 10*k**2 + k + 3. Let z = 20 - 10. List the prime factors of f(z).
13
Let a(h) be the second derivative of -h**4/12 + 8*h**2 + 2*h. Let u be a(0). Let t = -10 + u. List the prime factors of t.
2, 3
Let z(k) = k**2 + 2*k - 4. Let v be z(3). Suppose -2*x = -43 + v. List the prime factors of x.
2
Let f be 6/(-4)*232/12. Let t = 45 + f. List the prime factors of t.
2
Let w = -4 + 8. Suppose 3*h = -5*r + 5 + 40, w*h - 37 = r. List the prime factors of h.
2, 5
Suppose 2*b - 366 = -4*w, -b - 6*w + 195 = -w. Suppose -3*i - 2*i = -b. What are the prime factors of i?
5, 7
Let t be 1/(-6) + (-50)/(-12). Suppose -55 = -t*b - b. List the prime factors of b.
11
Let f(b) = b + 33. List the prime factors of f(-8).
5
Let c(b) = -b + 4. Let v be c(10). Let q be 0 + 2 - (0 + -11). Let t = q + v. List the prime factors of t.
7
Let o(d) = -8 - 2*d**2 + 2*d**2 + 3*d**2 + 10*d - 4*d**2. Let z be o(9). Let b = z - -14. What are the prime factors of b?
3, 5
Let q = 30 + -18. Let k(h) be the third derivative of -h**4/24 + 17*h**3/6 + 8*h**2. List the prime factors of k(q).
5
Suppose -4*k - 8 = -0*k. Let b = 21 + k. What are the prime factors of b?
19
Let s be -2*3/((-24)/44). Suppose 5*q - 4*d = 130 + s, -d + 21 = q. What are the prime factors of q?
5
Suppose a - s - 90 = 0, 5*a - 300 = s + 142. List the prime factors of a.
2, 11
Suppose 5*v + 3*p + 6 = 0, 8*p - 24 = 3*v + 3*p. Let s = v - -14. What are the prime factors of s?
11
Let d(r) = r**2 + 3*r + 3. Let s be d(-3). Let n = 8 - s. Suppose 2*b - n*a - 35 = 0, 2*b + a = -2*b + 37. List the prime factors of b.
2, 5
Let r(s) = 6*s + 2. Let h(b) = -7*b - 3. Let t(i) = -5*h(i) - 6*r(i). Let q be t(0). Suppose q*j - 6 = 3. List the prime factors of j.
3
Let w(o) = -o**3 + 16*o**2 + 4*o + 22. List the prime factors of w(16).
2, 43
Suppose 0 = 2*v + 4 - 24. Suppose -3*o = -o - v. List the prime factors of o.
5
Let v = -3 - -17. What are the prime factors of v?
2, 7
Suppose 4*t = -5*m, -5*m + t - 21 = 4. Let w(v) = -v. Let l be w(m). Suppose 27 = l*z - 13. List the prime factors of z.
2, 5
Let o = 71 + -10. List the prime factors of o.
61
List the prime factors of ((-2)/(-6))/((-8)/(-144)).
2, 3
List the prime factors of (-4*282/4)/(-2).
3, 47
Suppose 231 = d + d + 3*q, 5*d - 572 = -2*q. What are the prime factors of d?
2, 3, 19
Let j(f) = -3*f - 10 - 5 + 3. Let o(b) = -8*b**3 - b**2 + 1. Let n be o(1). List the prime factors of j(n).
2, 3
Let g(m) be the second derivative of -m**5/20 - m**4/3 + m**3/2 - 3*m**2 - 3*m. Let q be g(-5). Suppose q*t - 36 = t. List the prime factors of t.
2, 3
Suppose 0 = 2*b + 2*z + 6, -7 = -2*z - 17. Suppose -3*m - 4*i = -b*i - 34, -49 = -4*m + i. What are the prime factors of m?
2, 3
Let g(p) = p**3 + p**2. Let z(v) = 3*v**3 - v**2 - 3*v - 1. Let a(n) = -4*g(n) + z(n). Let c be a(-5). Let h = c + -8. List the prime factors of h.
2, 3
Let f = -50 - -26. Let o = 42 + f. What are the prime factors of 4/6*(o + 0)?
2, 3
Let m = 36 - 64. Let k be m/(-12) + (-2)/6. Suppose -4*q + 4*x = -32, 2*q + x + k*x - 11 = 0. What are the prime factors of q?
7
Let f(y) = y + 2. Let t be f(-6). Let u be (0 + 42)*(-2)/t. Let m = u + -11. List the prime factors of m.
2, 5
Let k(p) = p + 44. What are the prime factors of k(-28)?
2
Let i be (2 + -2)/(2*-1). Let b = i + 3. Suppose b*y - 21 = -0*y. What are the prime factors of y?
7
List the prime factors of (0 + 1)/((7/7)/97).
97
Let v = -36 - -18. Let i = v - -28. Let z = i + -5. List the prime factors of z.
5
Let r(i) = i**3 - 10*i**2 + 10*i - 4. Suppose 5*o = -2*m - 2, 5*o - 6 = -2*m + 2*o. Let l be r(m). Suppose l*b - 80 = -25. What are the prime factors of b?
11
Let d be 21/7 + 0 + 8. Suppose d*w = 6*w + 45. What are the prime factors of w?
3
Suppose -29 = 4*y + 11. Let f = y - -15. What are the prime factors of f/((-45)/(-12))*3?
2
Let s(c) = -c**2 + 10*c - 8. Let l be s(7). Let t = 9 + l. List the prime factors of t.
2, 11
Let m = -1 + 3. Suppose -c - 8 = -m*c. List the prime factors of c.
2
Let r be ((-60)/(-5))/((-3)/(-2)). Suppose r*f = 4*f + 100. List the prime factors of f.
5
Suppose -4*f - 7 = -2*a + 1, -a - 8 = 2*f. Let d be -3*(3 - (a + 2)). Let l = d + 19. List the prime factors of l.
2, 5
Let s = -79 - -110. What are the prime factors of s?
31
Suppose -15*i = -10*i - 505. What are the prime factors of i?
101
Suppose -o = -5*o - f + 3, 5*f - 15 = 0. Suppose -3*t + 0*t + 126 = k, 5*t + 4*k - 217 = o. What are the prime factors of t?
41
Suppose 0 = s + 24 - 125. Suppose -4*k = j - 4, -3*k = 4*j + 33 - s. List the prime factors of j.
2, 5
Let t(n) = n**2 - 2*n - 4. Let d = 10 + -14. List the prime factors of t(d).
2, 5
List the prime factors of 15/1 + (-8)/8.
2, 7
Let j be 27*1*(-5)/3. Let k = j - -75. Suppose k + 10 = 4*p. List the prime factors of p.
2, 5
Let v = -5 - -7. Suppose -2*a + 4*x = a + 24, a + v*x = 2. Let b(l) = -2*l - 5. List the prime factors of b(a).
3
Let f(u) = -2*u + 4. Let a(q) = -q**2 + 4*q + 2. Let n be a(5). What are the prime factors of f(n)?
2, 5
Suppose -5631 = -16*l + 1217. List the prime factors of l.
2, 107
Let r = -33 + 248. List the prime factors of r.
5, 43
Let j = 5 + -9. Let c = 4 - -4. Let b = j + c. List the prime factors of b.
2
What are the prime factors of (-79 + -4)*-3 - 4?
5, 7
Suppose 3 = 3*r, 2 = 2*b - 5*b + 5*r. Let x be -1*(b + (-6)/1). Suppose 3*p + x*w - 34 - 24 = 0, -49 = -4*p - w. What are the prime factors of p?
11
Suppose -2*q = m - 13, -6*q = -q - 25. Suppose -5*o - 43 = -2*s, m*s + o + 23 = 5*s. What are the prime factors of s?
3
Let w = 4 - 4. Let u = w - -4. Suppose 4 = 2*t - 4*i, -t + 6*i = i + u. List the prime factors of t.
2, 3
Suppose j + 3*w = 12, -4*j = -5*w + 19 + 1. Suppose -3*r = -3*z - 6 + 15, -z - r - 1 = j. Let p(n) = 4*n. List the prime factors of p(z).
2
Let j = -1 + 3. Suppose p - 112 = -3*u, j*u = 4*u - p - 83. Let c = -28 + u. List the prime factors of c.
11
Let n = -27 - -15. Let l = -6 - n. Let f = 11 - l. List the prime factors of f.
5
Suppose -3*b + 6*b = 9. Suppose 0 = 